5 = 0. Let g(a) = 5*a**2 - 29*a + 16. Let b(k) = r*n(k) - 2*g(k). Determine b(6).
-11
Let v(c) = c**2 - 6*c - 4. Let f(a) = 0 + 5 - 2*a**2 + 14*a + 1 + 3. Let x be (11 - (-210)/(-54)) + 4/(-36). Let d(i) = x*v(i) + 3*f(i). Give d(-2).
3
Let u(c) = 18*c - 11. Let l(w) = 2. Let n(b) = 3*b. Let j be n(2). Let p(s) = j*l(s) + u(s). Give p(-1).
-17
Let t(g) = -2*g**3 + g**2 - 2*g + 3. Let p(h) = 11*h**3 - 7*h**2 + 11*h - 39. Let b(w) = p(w) + 6*t(w). Suppose 0*m = -3*m. Determine b(m).
-21
Let l be 2 + 2 + 1 + 4 + -4. Let c(r) = 2*r**3 + 2*r**2 + 3*r + 10. Let d(v) = -v**3 - 3*v**2 - v - 9. Let u(y) = 2*c(y) + 3*d(y). Determine u(l).
8
Let x(u) be the third derivative of 1/24*u**4 + 75*u + 0 - 2*u**2 - 5/12*u**5 + 0*u**3. Let g(p) = p. Let m be g(-1). Give x(m).
-26
Suppose f - 4*y - 9 = 0, 18 = 3*f + 5*y - 9. Let x(o) = -4 + 16 - 2*o - f. Give x(3).
-3
Let h(p) = p**2 + 2*p. Suppose 5*r = 4*n - 28, -5 + 23 = -2*r + 5*n. Let w be h(r). Let v(m) = 14 + 164*m + 1 - 3 - 165*m. Determine v(w).
4
Suppose 10*j = 15*j - 15. Let a(z) = -3 + j*z + 5 + 10 + z - 3*z. Give a(-9).
3
Let j(k) be the first derivative of -7*k**2/2 - 13*k + 4818. Calculate j(-1).
-6
Suppose 4*r - 5*f - 789 = 0, f - 2*f - 1 = 0. Let t = r + -210. Let i(g) = -g**2 - 15*g - 10. Calculate i(t).
4
Let l(r) = 2 - 3 + 4*r - r**2 + 2 - 9 + 0. What is l(2)?
-4
Let a(n) = n - 3. Let x = 491 + -323. Suppose -x = -9*m - 132. Determine a(m).
1
Suppose -9*z + 635 - 5 = 0. Let s = -64 + z. Let j(g) be the first derivative of g**2 - 5*g - 3. Give j(s).
7
Let a(i) be the first derivative of -10*i**2 - 209*i + 4155. Calculate a(-10).
-9
Let i(c) = c**3 - 4*c**2 + 3*c + 5. Let b be ((-577)/(-2))/(((-300)/24)/(-25)). Let o = -573 + b. Determine i(o).
17
Let k(w) = 0*w - 4*w**2 + 7*w**2 - 4*w + 3 - 2*w**2. Suppose 3*x - 25 = -x + 5*a, 2*x - 7 = -3*a. Let j be (x - -1)*(-2)/(-3). Give k(j).
3
Suppose -p = -2*w - 2, p + 64 = 3*w + 65. Let y(d) = -20*d**3 + 4*d - 3. Calculate y(w).
-19
Let m(h) = -45*h + 72 + 101 - 2*h**2 + 7 - 30. What is m(3)?
-3
Let x(h) = -24*h**3 - 8*h**2 - 20*h + 71. Let z(u) = 11*u**3 + 3*u**2 + 9*u - 35. Let d(k) = -6*x(k) - 13*z(k). Determine d(-9).
2
Let m be ((-7)/(49/2))/((-28)/98). Let c(u) = u**3 - 8*u**2 + 2*u - 13. Let f be c(8). Let t(g) = -1 - f + m + 6*g - 3. Calculate t(6).
30
Let x(g) = 75*g - 530. Let n be 25/((-25)/9) - -16. What is x(n)?
-5
Let u(w) = -5*w + 6. Let d(l) = l**3 - 2*l**2 - l - 7. Let i be d(4). Suppose 2*j + z - 7 = 0, -3*z = 2*j - 3*j + i. Give u(j).
-24
Suppose 266*c - 290 = 265*c. Let g = c + -289. Let p(y) = 16*y - 1. Calculate p(g).
15
Let g(v) = -2*v - 7. Let b be g(-6). Let j(t) be the third derivative of t**6/120 - t**5/12 - t**4/24 - 7*t**3/6 + 228*t**2 - 1. Calculate j(b).
-12
Let y(x) = -x**3 + 7*x**2 - 10*x + 39. Let w(o) = 3*o**3 - 15*o**2 + 20*o - 81. Let l(k) = 2*w(k) + 5*y(k). Calculate l(-7).
5
Suppose 1663*o = 1662*o - 17. Let w(g) = -g - 5. Give w(o).
12
Suppose -2*a - 2230 = -2236. Let w(s) = -2898 + 3*s**a + s**3 - s - s**2 + 2897. Determine w(-1).
-5
Let d(h) = -271*h**2 + 550*h**2 - h - 280*h**2. Give d(1).
-2
Let c be -9 + 9 + 6 + 334. Let x = c - 335. Let w(g) = 3*g - 12. Determine w(x).
3
Let m(k) be the third derivative of k**6/120 + 4*k**5/15 - 13*k**4/8 - 10*k**3 - 2414*k**2. Calculate m(-18).
-6
Let v be ((-7)/(-14)*-6)/((-9)/21). Let i(y) = -7*y**2 + 18*y - 14. Let q(m) = 8*m**2 - 20*m + 16. Let u(w) = v*i(w) + 6*q(w). Give u(4).
6
Let d(m) = -m**3 - 23*m**2 + 26*m + 48. Let g be d(-24). Let y(k) = -4 - 2*k + 15101*k**2 + 2*k**3 + g*k**3 - 15097*k**2. Determine y(-3).
-16
Let q(i) = 14*i**3 + 9*i**2 - 11*i + 22. Let j(c) = -15*c**3 - 9*c**2 + 12*c - 23. Let p(a) = 12*j(a) + 13*q(a). Calculate p(-5).
-20
Suppose 3*r - 5*m - 20 = -1, -4*r + 17 = -5*m. Let i(c) = c + 9*c + 4*c + 3 - 4*c. What is i(r)?
-17
Let w(r) be the third derivative of r**7/5040 - r**6/72 + r**5/30 - r**4/4 - 26*r**2 - 1. Let s(g) be the third derivative of w(g). What is s(12)?
2
Let h(k) = -k**2 + 8*k - 6. Suppose 92*v - 193 = 175. What is h(v)?
10
Suppose -102*y + 59 + 1165 = 0. Let o(a) = a**3 - 12*a**2 - a - 11. Give o(y).
-23
Let k(f) = -2*f + 16. Let g(n) = 72*n - 4*n**2 + 3*n**2 - 30 - 59*n. Let y be g(8). Calculate k(y).
-4
Suppose q + 0*q - 3 = 0. Let d(z) = 12*z - 38*z + 3 + 17*z. Calculate d(q).
-24
Suppose o + 4 = 0, 0 = 6*x - x + o + 184. Let a be -1 - (-4 + x/(-9)). Let d(j) = -13*j**2 + 2*j + 1. Give d(a).
-14
Let n(a) = -a**2 - a. Suppose 5 = -10*t - 35. Let k(h) = -h**3 - 2*h**2 + h + 1. Let y(c) = t*n(c) - k(c). Give y(-5).
9
Suppose 851*b = 882*b + 465. Let u(o) = o**2 + 12*o + 17. Determine u(b).
62
Let l(v) = v**2 - 231 + 10*v + 461 + 0*v**2 - 237. Calculate l(-10).
-7
Let c(y) = y - 3. Let d(l) = 2*l - 2 - 6*l + 3*l. Let s(v) = 4*c(v) - 3*d(v). What is s(5)?
29
Let y(o) = -2*o**2 + 6*o - 5. Let k be y(0). Let g(r) = 2*r**2 + 8*r + 1. Give g(k).
11
Let d = -2 - -4. Let i be 1 + -5 + d/(-1). Let w(k) = -463*k - 1091. Let s(c) = 87*c + 205. Let q(j) = 16*s(j) + 3*w(j). What is q(i)?
-11
Let s(b) = 20 + 87*b - 106*b**2 + 111*b**2 + 97*b - 215*b. Let h = 0 - 2. Let d(m) = -m**2 + 6*m - 4. Let u(p) = h*s(p) - 11*d(p). Calculate u(4).
4
Let o = 2868 - 2859. Let g(b) = -73*b**2 + 74*b**2 - 9*b - b. Calculate g(o).
-9
Let s(y) = 3*y**2 + 62*y - 239. Let r be s(-24). Let h(p) = -12*p**3 - 3*p**2 + 5*p - 3. Give h(r).
-13
Let g(s) be the third derivative of -s**7/720 - s**6/360 - s**5/10 - 5*s**3/6 + 20*s**2. Let z(u) be the third derivative of g(u). What is z(-4)?
26
Let f(v) be the third derivative of v**5/5 + 11*v**4/8 + 31*v**3/6 + 3*v**2 - v + 47. Determine f(-1).
10
Let y(d) = 15*d**2 + 2*d + 2. Suppose 44*z + 1 = 43*z. Give y(z).
15
Let j(z) be the first derivative of 1/3*z**3 + 0*z**2 + 19*z + 6 - 1/4*z**4. Determine j(0).
19
Let u(f) = 3*f**2 - 19*f - 3. Suppose -2*t = -4*i - i - 27, 0 = -4*t + 5*i + 39. Let s be u(t). Let v(l) = -l**3 - 10*l**2 - 8*l + 4. Determine v(s).
-5
Let i(j) be the third derivative of j**4/24 - j**3/6 - 6*j**2. Let q(y) = 0*y**2 + 2*y**2 + 7*y**3 - 3*y + 1 + 0*y**3 + 0*y**3. Let n be q(1). What is i(n)?
6
Let h(w) = -w**2 + w + 5. Let b be h(0). Suppose 4 = -2*v + b*u + 21, 4*u = 3*v - 22. Let g(r) be the second derivative of r**3/6 + r**2 - 4*r. Give g(v).
8
Suppose -6*i + 2*i + 12 = 0. Let b(c) = -i + c**2 + c + 1 - 2 - 1. Suppose -y + 4 = -p, -2*p = -3*p - 5*y + 20. What is b(p)?
-5
Suppose -2*c + 2*g + 2 = 0, -9 = 4*c + 4*g - 29. Let y(d) = -379*d - 12*d**2 - 2 + 379*d + d**c. What is y(12)?
-2
Let y(a) be the first derivative of -15*a**2/2 + 4*a + 2900. What is y(-3)?
49
Let q be (-2)/(-3) + 2/6. Let j(l) be the third derivative of 0*l + 0 - 1/20*l**5 + 1/24*l**4 + 0*l**3 - 39*l**2. What is j(q)?
-2
Suppose 3*z = 4*v - 0*v - 3, 0 = -4*v + z + 9. Let i(b) = -15*b - 7*b**2 - 2 - b**v + 9*b - b**2. Suppose -106*g - 203 = -77*g. Determine i(g).
-9
Let i(h) = -23*h**2 - 229*h + 4. Suppose 4*u + 41*x + 20 = 37*x, 2*u + 4*x = 0. Calculate i(u).
-6
Let y(v) = 9*v + 2. Suppose -18*b + 32*b + 230 = 6. Give y(b).
-142
Let d(y) = 4*y**2 - 2*y + 4. Suppose 5*a + 1 = -3*u, -2*u + 45 = -7*a + 25. What is d(u)?
34
Let v(o) = o**3 - 4*o**2 - o + 3. Suppose -5*l = -l - 16. Let g be v(l). Let t(s) = 3*s + 5. Let w(x) = 2*x + 2. Let q(n) = 3*t(n) - 7*w(n). Give q(g).
6
Let i(d) = -d + 9. Let t be i(0). Suppose -t*w + 10*w = 11. Suppose 4 = -5*l - w. Let z(a) = a. Determine z(l).
-3
Let v(q) = -7318*q + 3663*q + 11 + 3656*q. Suppose 0 = 5*p - 3*p + 10. Calculate v(p).
6
Let z(m) = -3*m + 171 + m + 16*m - 6*m + 10*m. Calculate z(-9).
9
Suppose -2*w = 2*u - 18, -2*u - u = -4*w - 6. Let z(v) = 8*v - 3*v - 9*v + u*v - 2 - v. Give z(4).
2
Let z(q) = 202*q + 3254. Let n(c) = -144*c - 2324. Let x(l) = -18*n(l) - 13*z(l). Calculate x(-14).
6
Let h(j) = j**2 - 17*j - 11. Let n = -3644 + 3662. What is h(n)?
7
Let x be ((-394)/(-11))/1 - 38/(-209). Let b(i) = 10*i + 18*i - x*i + 3 + 7*i. Determine b(3).
0
Let c(r) = -r**3 - 29*r**2 + 62*r + 19. Suppose g + 15 = -5*k - 142, -2*g - 128 = 4*k. Give c(k).
19
Let z(t) = 9*t + 117. Let v(c) = -3*c - 38. Let r(o) = 11*v(o) + 4*z(o). Determine r(-15).
5
Let u(d) = 487 - 250 + d**3 + 17*d + 11*d**2 - 225 - 5*d**2 + 2*d**2. What is u(-5)?
2
Let l(n) = n**3 - 6*n**2 + 3*n + 4. Let q(c) = 